 + 7)?
2, 5
What are the prime factors of 2/9 + 4040/45?
2, 3, 5
Let s(a) = -a**3 + 4*a**2 - 2*a + 2. Let o be s(2). Suppose 0 = -3*f + o + 9. Suppose f*b + 5*u = u + 70, -5*u = -b + 14. List the prime factors of b.
2, 7
Let b = -93 + 65. Let i = -19 - b. List the prime factors of i.
3
Let l(z) = -z**3 + 11*z**2 + 13*z - 8. What are the prime factors of l(12)?
2
Suppose 3*o + 2*o - 90 = 0. What are the prime factors of o?
2, 3
Let p(n) be the first derivative of -n**4/12 + n**3/6 + 3*n**2/2 + n + 1. Let h(b) be the first derivative of p(b). What are the prime factors of h(0)?
3
Let v be ((-8)/3)/(4/(-12)). Let n(i) = i**3 - 7*i**2 - 7*i + 5. List the prime factors of n(v).
13
Suppose 4 = -j + 2*j. Suppose -w = j*w - 45. What are the prime factors of w?
3
Suppose -3*w = 2*w - 4*h - 13, -3*w + 3*h = -6. Suppose -2*x - x + 35 = 4*s, 4*s - 45 = -w*x. List the prime factors of s.
5
Let i(l) = 32 - 3*l**3 + 2*l**3 + 28 - 23. What are the prime factors of i(0)?
37
Let z(i) be the second derivative of -i**5/20 - i**4/2 + i**3 + 5*i**2/2 + 2*i. What are the prime factors of z(-7)?
2, 3
Let f = -8 - -22. Let a = f - -1. What are the prime factors of a?
3, 5
Let l(a) = a - 8. Let u be l(10). Let o(d) = 12*d**2 - 2*d + 2. Let y be o(u). Suppose 9 + y = 5*w. What are the prime factors of w?
11
Suppose 258 = k + 3*w, 7*k - 1060 = 3*k - 5*w. List the prime factors of k.
2, 3, 5
List the prime factors of -1 - -40 - 2 - -2.
3, 13
Let j = -11 + 29. What are the prime factors of j?
2, 3
Let o(l) = -l**3 - 9*l**2 + 6*l + 13. List the prime factors of o(-10).
53
Suppose 2*b + 3*c - 90 = 4*c, 2*b = 5*c + 98. List the prime factors of b.
2, 11
Let l be 5/(-15) + (-48)/(-9). Suppose n - l - 13 = 0. List the prime factors of n.
2, 3
Suppose -151 = 5*l + 104. Let p = l - -96. List the prime factors of p.
3, 5
List the prime factors of (2 - 1) + (212 - 19).
2, 97
What are the prime factors of 1/(((-6)/2)/(-417))?
139
Suppose 8*z - 2880 + 400 = 0. What are the prime factors of z?
2, 5, 31
Suppose 8 = 2*t, 4*t - 7 - 17 = -g. Suppose -d + g = d. Suppose -d*u + 76 = 24. List the prime factors of u.
13
Suppose -2*u - 9 = -5*x, 15 = 5*x - 0*u - 5*u. Let b(y) = -y**2 - y + 4. Let q be b(-3). List the prime factors of x*q - -4 - -8.
2, 5
Let d(m) = -9*m**2 + 25*m + 14. Let r(k) = -5*k**2 + 13*k + 7. Let v(u) = 4*d(u) - 7*r(u). List the prime factors of v(8).
3, 5
Suppose 3*y = o - 8, o + y = 4*o - 32. Suppose -49 - o = -2*n. List the prime factors of n.
2, 3, 5
Let q = 8 + -9. Let y = 1 + q. Let j(n) = n**2 + 11. What are the prime factors of j(y)?
11
Let k = -24 - -64. What are the prime factors of k?
2, 5
Let x = 4 + -4. Suppose x = -2*w + w + 7. List the prime factors of w.
7
Suppose 3*p - 10 = p, 3*p = -k + 6. Let g = k + 18. What are the prime factors of g?
3
Let f = 308 + -49. List the prime factors of f.
7, 37
Let u be -1 + 3 - 2 - -2. Suppose -u*h + 2*x + 47 = -x, -5*h - 5*x = -105. Suppose -2*q = -5*t - h, -t + 11 = 2*q - q. What are the prime factors of q?
11
Let y = -115 + 192. Suppose -2*i + y = 3*q, -3*q + 3*i + 2*i = -70. Suppose q = d + 8. List the prime factors of d.
17
Suppose 4 = 2*x - 2. Let j(t) = 3*t**2 + t - t + 3*t + 2 - t**3. What are the prime factors of j(x)?
11
Suppose 0*q - 15 = -5*q. Let n = -3 + q. Suppose n*t + 2 = x - t, 3*x = -t + 14. List the prime factors of x.
2
What are the prime factors of (-952)/(-60) - 6/(-45)?
2
Let t(f) be the first derivative of -3*f**4/2 + f**3/3 + f**2/2 - 3*f - 9. What are the prime factors of t(-2)?
47
Let y = 39 + -30. List the prime factors of y.
3
Suppose 6*a = 7*a - 2. Let j(r) = r + 1. List the prime factors of j(a).
3
Let m(x) = -x + 15. Let z be m(0). Suppose -2*t - 1 + z = 0. Suppose -2*u - 64 = -t*u - s, 3*u - 36 = -3*s. List the prime factors of u.
13
Let n = -811 + 1141. What are the prime factors of n?
2, 3, 5, 11
What are the prime factors of ((-10)/15)/(4/(-162))?
3
Let l(p) = p**3 + 2*p + 15. What are the prime factors of l(5)?
2, 3, 5
Suppose -260 = -u - 3*u. List the prime factors of u.
5, 13
Let j(q) = 2*q + q - 4*q + 1. Let v be j(-1). Suppose -v*m - 8 = -0*m, 5*m = -5*u. List the prime factors of u.
2
Let j = -5 - -7. Suppose 0 = -j*m - 5*u + 33, 5*m - u = 3*u. Suppose 7 + 1 = m*l. List the prime factors of l.
2
Suppose 3*b = -0 + 3. Suppose j - 2*j = -5*a + 7, b = -a - j. Suppose k = 4*g - 11, 1 + a = -5*g - 4*k. What are the prime factors of g?
2
Suppose 3*m = -5*f + 1407, 3*f + 3*m = 8*f - 1413. What are the prime factors of f?
2, 3, 47
What are the prime factors of 21 - (12/3)/(-1)?
5
Let p be -2 - ((-1 - 1) + 0). Suppose -1 - 17 = -3*y. What are the prime factors of 0/1 + y + p?
2, 3
Let i be 82*(0 + (-1)/(-2)). Suppose 2*u = -d + 80, -5*d = -4*u + 173 - i. What are the prime factors of u?
2, 19
Let v(r) = -2*r + 8*r**2 - 4*r**3 + 5*r**3 - 12 - 9*r. List the prime factors of v(-9).
2, 3
Let k = -22 + 30. List the prime factors of k.
2
Let o(t) = t + 8. Let l be o(-9). Let w(f) = 5*f**2 + 1. Let v be w(l). Let z = v - 3. List the prime factors of z.
3
Let j = -219 + 315. What are the prime factors of j?
2, 3
Suppose -5*t = -6 - 4. Suppose -4*a - 26 = -3*m + 11, -2*m + 26 = -3*a. Let l = t + m. What are the prime factors of l?
3
Let w = -4 + 5. Suppose 6 = z + w. Suppose -z*x + 5*q = q - 98, 4*q = -5*x + 82. List the prime factors of x.
2, 3
Suppose 4*x + 4*b = -2 + 6, -5*x = -b - 35. Let w be x*((-8)/(-6) + 0). Let k = 13 - w. List the prime factors of k.
5
Let t be (0 - 4/10)*20. Let i be (-2)/(-1)*(-1)/1. List the prime factors of (t - i)*(-1)/1.
2, 3
Suppose 2*j + j + 629 = 2*y, -4*j + 901 = 3*y. Suppose -192 = -4*r - 4*o, 5*r + o + 75 = y. Let t = r - 28. What are the prime factors of t?
2, 3
Suppose -27 = -h + 2. What are the prime factors of h?
29
Suppose 99*o = 104*o - 940. List the prime factors of o.
2, 47
Let s be (-9)/(-2) + 2/4. Let y(x) = s + 0 + 3*x + x**2 + 1. List the prime factors of y(-4).
2, 5
Let j = 6 + 6. Suppose -r = -3*r + j. Suppose -2*t + 22 = c, t = 2*t + 3*c - r. What are the prime factors of t?
2, 3
Let v be 6*1*14/21. Suppose -v*r = -21 + 1. Suppose 2*w - 32 = -r*j, 1 + 3 = 4*w - 5*j. What are the prime factors of w?
2, 3
Suppose 15 = 33*m - 28*m. What are the prime factors of m?
3
Suppose 0 = 12*k + 3*k - 615. List the prime factors of k.
41
Suppose r + r = -6. Let c(x) = -12*x - 2. List the prime factors of c(r).
2, 17
Suppose 434 = 3*n + 107. Suppose 5*f - n = 36. What are the prime factors of f?
29
Let p = -78 - -133. Suppose 7*n = 2*n + p. List the prime factors of n.
11
Let o(k) = k**3 + 6*k**2 + 6*k + 7. Let t be o(-7). List the prime factors of (1/(-2))/(2/t).
3, 7
Suppose -3 = -h + 5*n, 4*h + 2*n + 3*n = 12. Let k = h - 0. Suppose -i + 0*i = -5*x - 32, 3*x = k*i - 36. What are the prime factors of i?
7
Suppose 24 = -2*q - 40. Let x = q + 51. List the prime factors of x.
19
Let t = 6 - 3. Suppose -82 = -5*b + 3*z, -b - b + 37 = t*z. What are the prime factors of b?
17
Let g(t) = 25*t**2 - 1. List the prime factors of g(1).
2, 3
Suppose 3*p + 26 + 16 = 0. Let u = 9 - p. What are the prime factors of u?
23
Let c(v) = 7*v - 2*v**2 + 2 + v**2 + 1 - 5. What are the prime factors of c(5)?
2
Let s = 11 + 1. Suppose -4*a - s = 20. Let u = -5 - a. What are the prime factors of u?
3
Suppose 0*z - 2*q - 13 = -z, -28 = -z + 5*q. Let k = -1 + z. Suppose -5*n - k = -h, -5*h + 2*n + 26 = -7. List the prime factors of h.
7
Let y be (-6)/3*6/(-4). What are the prime factors of 2 + y + 1/(-1)?
2
List the prime factors of (-104)/(-6)*15/10.
2, 13
Let u(t) = -17*t + 1. What are the prime factors of u(-2)?
5, 7
Suppose t - 1437 = -3*t + 5*m, 368 = t - 3*m. What are the prime factors of t?
353
Let h = -185 - -329. Suppose -c = c - h. Suppose q - 102 = -5*a, 4*a = -2*q + 12 + c. What are the prime factors of a?
2, 5
Let m(a) = a**2 + a - 4. Let o be m(-3). Let v = o + 22. What are the prime factors of v?
2, 3
Let f = -24 + 7. Suppose 3*b + 134 = 4*s - 2*b, s - 40 = -2*b. Let c = f + s. What are the prime factors of c?
19
Let i(u) = -3*u**2 - 4*u + u + 1 - 4 - u**3 + 0. What are the prime factors of i(-3)?
2, 3
Suppose 34 + 105 = 3*v + 4*c, -v - 4*c + 33 = 0. List the prime factors of v.
53
Suppose -3*w + 8*w + 2*n - 470 = 0, -w + 94 = -n. What are the prime factors of w?
